**2 - 82*a - 336. Determine o(-4).
-8
Let q(u) = -u**3 + 29*u**2 + 94*u + 64. Give q(32).
0
Let m(q) = -q**3 - 15*q**2 + 6*q + 59. Give m(-17).
535
Let a(x) = 73*x - 36. What is a(2)?
110
Let l(x) = -23*x**2 + 15*x - 1. Determine l(1).
-9
Let l(h) = h**2 + 44*h + 504. Determine l(-13).
101
Let y(s) = -s**2 - 62*s - 422. Give y(-10).
98
Let f(j) = -j**3 + 83*j**2 + 221*j - 4357. Determine f(85).
-22
Let g(c) = 14*c**3 - 100*c**2 + 207*c - 8. Give g(2).
118
Let c(q) = -123*q - 1024. Calculate c(-10).
206
Let v(g) = -14*g**2 - 751*g + 285. What is v(-54)?
15
Let j(o) = 11*o - 378. What is j(28)?
-70
Let i(r) = 320*r - 15690. What is i(49)?
-10
Let o(h) = 3*h**3 - 47*h**2 - 193*h + 29. Give o(19).
-28
Let p(u) = 10*u**2 + 235*u - 11. Calculate p(-22).
-341
Let h(b) = -103*b - 64. Calculate h(4).
-476
Let s(p) = -p**3 - 13*p**2 - 3*p + 51. Calculate s(-12).
-57
Let f(n) = 11*n**3 + 4*n**2 - 10*n - 10. Calculate f(2).
74
Let k(u) = -586*u - 27537. What is k(-47)?
5
Let p(c) = c**3 + 35*c**2 + 35*c + 20. What is p(-34)?
-14
Let h(u) = 4*u**2 + 182*u - 488. Give h(-48).
-8
Let i(o) = 418*o - 62702. Determine i(150).
-2
Let s(y) = 17771*y + 106637. Give s(-6).
11
Let p(z) = 39*z + 92. Calculate p(-6).
-142
Let w(z) = 104*z**2 - 214*z + 30. Determine w(2).
18
Let m(r) = r**3 + 11*r**2 + 22*r + 20. Calculate m(-5).
60
Let c(u) = 40*u - 1577. What is c(44)?
183
Let h(q) = -q**2 + 852*q - 6754. Give h(8).
-2
Let j(s) = -7*s + 69. Determine j(-4).
97
Let y(s) = 3*s + 34. Determine y(-4).
22
Let q(c) = 3*c**2 + 107*c - 16. Determine q(-36).
20
Let l(f) = -2*f**2 - 256*f - 2551. Give l(-11).
23
Let l(s) = s**3 - 110*s**2 + 3028*s - 244. What is l(56)?
-20
Let h(b) = 5*b**2 - 3*b - 12. Calculate h(4).
56
Let m(s) = s**3 + 41*s**2 + 209*s + 169. Calculate m(-35).
204
Let j(k) = 35*k - 121. Determine j(5).
54
Let x(q) = 16*q**2 - 1143*q - 648. What is x(72)?
0
Let s(m) = 5*m**2 - 451*m + 94. Give s(90).
4
Let f(j) = j**3 - 14*j**2 - 67*j + 17. Determine f(-4).
-3
Let t(z) = 10*z - 732. Give t(49).
-242
Let x(o) = -2918*o + 221778. Calculate x(76).
10
Let g(i) = 3*i**2 - 1677*i - 17069. Determine g(-10).
1
Let q(c) = -35*c + 226. Give q(7).
-19
Let v(o) = 4*o**2 - 39*o + 34. Give v(10).
44
Let p(r) = -r**2 - 11*r - 26. What is p(-11)?
-26
Let l(r) = -60*r + 1434. What is l(21)?
174
Let w(p) = -6*p**2 + 25*p - 22. Give w(2).
4
Let v(o) = -14*o - 28. Give v(-2).
0
Let g(m) = -m**3 - 12*m**2 - 9*m + 43. Determine g(-10).
-67
Let s(a) = 2*a - 77. What is s(-22)?
-121
Let l(t) = -72*t**2 + 3472*t - 772. Give l(48).
-4
Let q(r) = 22*r**2 + 21*r - 6. Determine q(3).
255
Let n(f) = 80*f + 634. Determine n(-8).
-6
Let d(t) = t**2 - 30*t + 6. What is d(30)?
6
Let n(v) = -v**3 - 30*v**2 - 4*v - 91. Determine n(-30).
29
Let l(r) = -403*r + 1964. Determine l(5).
-51
Let j(m) = -169*m + 1085. Determine j(6).
71
Let j(g) = 10*g - 30. Determine j(8).
50
Let n(y) = 6*y**2 + 118*y + 288. Determine n(-3).
-12
Let k(r) = -58*r**3 + 3*r**2 + 13*r - 32. Determine k(2).
-458
Let u(f) = f**3 - 25*f**2 + 5*f + 935. Calculate u(23).
-8
Let k(s) = 82*s + 875. Give k(-11).
-27
Let q(c) = -21*c + 121. Calculate q(0).
121
Let y(d) = 2*d**2 - 59*d - 519. What is y(36)?
-51
Let a(i) = -16*i**2 - 723*i - 169. Calculate a(-45).
-34
Let r(j) = -2*j**3 + 74*j**2 + 2*j - 57. Give r(37).
17
Let y(g) = 13*g**2 + 234*g - 225. What is y(-19)?
22
Let x(s) = 2*s**2 + 35*s + 5. Determine x(-17).
-12
Let u(b) = -46*b**3 - 3*b**2 + 29*b - 31. Give u(1).
-51
Let y(q) = q**3 + 13*q**2 + 6*q - 135. Calculate y(-16).
-999
Let n(l) = 2*l**2 - 244*l + 6709. What is n(80)?
-11
Let a(y) = 93*y**2 - 277*y - 45. What is a(3)?
-39
Let g(n) = 273*n - 82714. Determine g(303).
5
Let g(k) = -9*k**2 - 331*k - 844. Calculate g(-34).
6
Let a(m) = m**3 - m**2 - 5*m + 7. Give a(0).
7
Let z(j) = 5*j**2 + 73*j + 263. Give z(-9).
11
Let a(h) = 2*h**3 - 10*h**2 - 301*h. Give a(-10).
10
Let z(r) = -996*r + 1881. Determine z(2).
-111
Let q(z) = -133*z - 369. Determine q(-2).
-103
Let a(d) = -32*d**2 - 216*d + 59. Determine a(-7).
3
Let d(y) = 25*y - 88. Give d(2).
-38
Let c(l) = 2064*l - 4128. Determine c(2).
0
Let z(o) = 17*o + 620. Give z(-37).
-9
Let c(q) = -288*q - 51289. Give c(-178).
-25
Let t(q) = -1589*q + 12724. What is t(8)?
12
Let a(h) = -h**3 + 75*h**2 + 237*h - 227. What is a(78)?
7
Let k(f) = 24370*f - 24369. What is k(1)?
1
Let n(l) = 42*l - 77. Calculate n(1).
-35
Let k(m) = -425*m - 2. Calculate k(0).
-2
Let y(j) = j**2 + 16*j - 107. What is y(-21)?
-2
Let q(n) = -n**3 + 33*n**2 - 139*n - 14. Give q(28).
14
Let f(p) = 34*p - 599. What is f(16)?
-55
Let i(h) = 3*h**2 - 312*h + 7161. Give i(34).
21
Let o(y) = y**3 + 51*y**2 + 152*y + 378. Determine o(-48).
-6
Let s(r) = -r**2 + 221*r + 2236. What is s(-10)?
-74
Let d(g) = -2*g**3 - 3*g**2 - 2*g - 7. Give d(-2).
1
Let z(m) = 365*m - 258. Give z(1).
107
Let r(j) = 8*j**2 + 1427*j - 5266. Calculate r(-182).
12
Let q(f) = 2*f - 487. What is q(8)?
-471
Let q(t) = -t**3 + 7*t**2 - 3*t - 12. Calculate q(6).
6
Let d(b) = b**2 + 21*b - 1328. What is d(-47)?
-106
Let f(r) = 42*r + 426. What is f(-10)?
6
Let h(b) = -b - 20. Give h(3).
-23
Let n(i) = -i**3 + 197*i**2 - 1511*i - 27. Calculate n(8).
-19
Let v(x) = -11*x**3 - 29*x**2 + 89*x. Calculate v(4).
-812
Let v(m) = 5*m - 107. Calculate v(21).
-2
Let x(q) = 10*q**3 - q**2 + 10*q + 10. Give x(-1).
-11
Let r(o) = 3*o**3 + 42*o**2 + 4*o - 27. Give r(-14).
-83
Let v(i) = 24*i + 208. Give v(-5).
88
Let z(c) = c**3 - 7*c**2 - 5*c + 12. Determine z(8).
36
Let b(l) = l**3 + 108*l**2 - 269*l - 5396. Give b(-110).
-6
Let p(u) = 10*u + 99. Determine p(-18).
-81
Let w(b) = b**3 - 63*b**2 - 728*b - 47. Calculate w(73).
99
Let i(j) = -j**2 - 47*j - 36. Determine i(-40).
244
Let l(q) = 2*q**3 + 29*q**2 + 20*q + 2. Calculate l(-13).
249
Let k(a) = -15*a**2 - 41*a + 26. Determine k(-5).
-144
Let m(w) = 8*w**2 + 111*w - 147. What is m(-13)?
-238
Let p(g) = -281*g - 16273. Determine p(-58).
25
Let x(d) = -5887*d + 23523. Calculate x(4).
-25
Let g(r) = 288*r - 171076. Determine g(594).
-4
Let z(y) = -22*y**2 + 480*y + 52. Calculate z(22).
-36
Let a(s) = 1822*s - 1848. Determine a(1).
-26
Let p(v) = -207*v - 2136. What is p(-10)?
-66
Let f(t) = -t**3 + 17*t**2 - 25*t + 11. What is f(15)?
86
Let u(v) = 8*v**3 - 2*v**2 - 5*v. Give u(2).
46
Let f(x) = -4*x**3 + 10*x - 26. What is f(3)?
-104
Let m(u) = 12*u**3 + 115*u**2 - 39*u + 13. Determine m(-10).
-97
Let k(l) = -194*l**2 + 570*l + 38. Determine k(3).
2
Let f(p) = -23*p - 328. Calculate f(-18).
86
Let u(n) = n**2 + 11*n - 11. Calculate u(-8).
-35
Let t(s) = 2*s**3 - 24*s**2 + 21*s + 4. What is t(11)?
-7
Let c(b) = -b**3 + 75*b**2 + 390*b + 804. What is c(80)?
4
Let d(y) = 2*y**2 + 104*y - 187. Calculate d(-53).
-81
Let a(g) = 4*g**2 - 200*g + 18. Calculate a(55).
1118
Let k(j) = j**3 - 14*j**2 + 48*j - 50. What is k(3)?
-5
Let l(o) = 2*o**2 + 27*o - 225. Determine l(-23).
212
Let l(q) = q**3 + 13*q**2 + 27*q + 51. Give l(-11).
-4
Let r(x) = -100*x + 703. What is r(7)?
3
Let a(h) = 2*h**2 + 56*h - 386. Determine a(-34).
22
Let r(q) = 11*q + 2963. Calculate r(-269).
4
Let r(q) = -q**3 - 12*q**2 + 79*q + 255. What is r(-16)?
15
Let l(k) = 146*k - 754. What is l(6)?
122
Let r(m) = -m**3 - 48*m**2 + 118*m - 38. What is r(2)?
-2
Let z(q) = 2*q**3 - 12*q**2 + q + 13. Determine z(6).
19
Let d(o) = -o**3 + 54*o**2 - o + 48. What is d(54)?
-6
Let w(d) = d**2 + 269*d + 17649. What is w(-155)?
-21
Let u(v) = v**3 + v**2 - 36*v - 14. Determine u(0).
-14
Let y(k) = -65*k**2 - 1362*k + 58. Give y(-21).
-5
Let i(s) = -63*s - 53. Determine i(-1).
10
Let g(n) = -7*n**2 - 742*n - 740. Determine g(-1).
-5
Let n(w) = 4*w**3 - 45*w**2 + 38*w - 293. Determine n(11).
4
Let t(l) = -l**3 + 3*l**2 + 28*l + 1. Determine t(-4).
1
Let m(o) = -28*o**2 - 98*o + 44. Give m(-4).
-12
Let w(z) = 370*z + 2213. Determine w(-6).
-7
Let t(s) = 4*s + 143. Calculate t(-32).
15
Let j(s) = s**3 - 67*s**2 - 282*s + 24. What is j(-4)?
16
Let u(h) = -1717*h + 13740. What is u(8)?
4
Let l(r) = r**3 + 44*r**2 - 69*r - 1088. What is l(-45)?
-8
Let g(c) = -30*c + 459. Calculate g(14).
39
Let n(p) = p**2 + 32*p - 70. Give n(-34).
-2
Let z(r) = -r**3 - 12*r**2 - 59*r - 303. Determine z(-7).
-135
Let f(a) = a**3 - 4*a**2 - 38*a + 160. What is f(